be q(-3). Suppose 5*f - 10216 = f + 4*u, f - 2569 = 4*u. Let h = f - p. Is h prime?
False
Let u(l) be the third derivative of l**5/30 + l**4/8 + l**3/3 + 8*l**2. Let y be (-8)/(1/(-1) + -1). Is u(y) a composite number?
True
Let b(g) be the third derivative of 11*g**5/60 + g**4/24 - g**3/6 + 4*g**2. Suppose -4*r = 5*y + 6, -4*r - 2 + 0 = 3*y. Is b(r) composite?
False
Let c(u) = 712*u**2 + 19*u - 18. Is c(1) a composite number?
True
Suppose 2*t + 3*p = 4*p + 13606, 2*t - 2*p - 13602 = 0. Is t prime?
False
Let y(a) = -11*a - 7. Let l be y(-4). Let f = l - -18. Is f composite?
True
Let p = -8368 + 34533. Suppose 20415 = 5*t - 5*f, -5*t + 3*f + p - 5750 = 0. Is t prime?
False
Let b(a) = -5*a. Let g(q) = -q**2 + 10*q + 1. Let l(y) = -5*b(y) - 3*g(y). Let d = 33 + -38. Is l(d) prime?
True
Let b(r) = 1532*r**2 - 12*r + 17. Is b(2) composite?
False
Let g = -92 + 145. Is g prime?
True
Suppose 88 = -24*m + 16*m. Let g(c) = -c**3 - 3*c**2 + 17*c + 6. Is g(m) a composite number?
False
Let a = 14687 + -9720. Is a composite?
False
Suppose 0 = -k - 4*p + 385, 5*k + p - 1241 = 741. Is k a prime number?
True
Suppose 0 = -16*x + 13*x - 3*t + 80814, -2*x + t + 53885 = 0. Is x a prime number?
False
Let b(r) = 78*r**2 + 2*r - 26. Let v be b(4). Let o = -835 + v. Is o a prime number?
False
Let l = 4344 + 6669. Is l composite?
True
Let i = 42586 + -20939. Is i composite?
False
Let t = 2 + 2. Suppose -t*w = -833 - 239. Is 2*14*w/16 a composite number?
True
Suppose 5*z = l - 142, 15*l = 11*l + 3*z + 500. Suppose p - 1503 + l = 0. Is p prime?
True
Suppose 3*m - 270491 = -14*r + 12*r, -2*r + 270501 = m. Is r prime?
False
Let z(s) = 5*s**3 - 9*s**2 + 2*s - 13. Is z(9) prime?
False
Suppose -190475 = -2*h - 63181. Is h a prime number?
True
Let w = -3 - -6. Suppose -w*c = -5*g - 159, -c + 2 + 51 = -4*g. Is c prime?
True
Suppose 274*f - 270*f - 18884 = 0. Is f a prime number?
True
Let l(u) = -542*u + 23. Is l(-7) a composite number?
True
Let y = 3 + -1. Suppose 5*c = -3*n - 10, y*c + 1 = -4*n - 3. Suppose n = -u - 7 + 104. Is u composite?
False
Let k = 9 + -5. Let y(r) = r**3 + 3*r - 86. Let t(f) = f**3 + 4*f - 87. Let m(d) = k*t(d) - 5*y(d). Is m(0) composite?
True
Suppose -3*o + 14718 = 4*q - 74611, 59550 = 2*o + 4*q. Is o composite?
True
Suppose 128742 = 10*a + 10132. Is a composite?
True
Let r(j) = j**3 + 5*j**2 + 4*j + 1. Let o be r(-4). Let u = 0 + o. Is (u + -2 - 1) + 17 a composite number?
True
Suppose 68*z = 63*z + 2775. Is ((-15)/(-3) + -4)/(3/z) composite?
True
Let c = 26 - 38. Let h = 15 + c. Suppose 5*t + 0*r + h*r - 25 = 0, 5*t = 3*r - 5. Is t prime?
True
Let y(b) = -4 + 23*b**2 - 3*b - 10*b**2 - 1. Suppose 1 - 17 = -4*g. Is y(g) a composite number?
False
Let t = 993 - -1000. Is t a composite number?
False
Suppose 0 = 3*i - 4*s - 1532, 5*i + 38 - 2568 = 2*s. Let f = -654 - -1039. Suppose 3*g + g = z + i, 3*g + z = f. Is g prime?
True
Suppose -a = -514 - 83. Let b = -226 + a. Is b prime?
False
Let y = 1310 - 559. Let r = 2700 - y. Is r prime?
True
Let v(s) = s - 1. Let g be v(7). Let x(w) = -w**3 + 5*w**2 + 8*w - 4. Let i be x(g). Suppose -i*r + 12 = -5*r. Is r a composite number?
True
Let o = 48 - 49. Let p(v) = -110*v**3 - v**2. Is p(o) composite?
False
Let d = 34 - 38. Is 1/(-12)*d*807 composite?
False
Let b = 115074 + -60803. Is b a composite number?
True
Let n be (-13)/5 - (-12)/(-30). Let u(w) = -39*w**3 - 4*w**2 + 10*w + 2. Is u(n) a prime number?
False
Suppose -2*v + 3*p - 12 = -5*v, -5*v - p + 12 = 0. Suppose 3*j + v*i = 441, 0*j + j - 5*i - 164 = 0. Is j a composite number?
False
Let i be 12/15 + 21/5. Suppose i*c = -2*h - 42, 4*h + 76 = -4*c + 16. Let j = 70 + h. Is j composite?
False
Let u be 2/(((-20)/(-8))/5). Suppose -o - 2*c = -309, 0*o = u*o - c - 1254. Suppose -o = 4*k - 1173. Is k a prime number?
False
Let t = 101 + -98. Suppose b - 4856 = -t*b - 2*m, -5*m + 4862 = 4*b. Is b a prime number?
True
Let b be 128/22 + 16/88. Suppose 2 = l - 2*i, -b = -3*l - 3*i - 0. Suppose -153 + 19 = -l*w. Is w a composite number?
False
Suppose 9*h + 219 - 30 = 0. Let v(m) = 10*m**2 - 5*m. Let r be v(4). Let f = r - h. Is f a prime number?
False
Suppose -14*x + 21*x - 36827 = 0. Is x a prime number?
True
Let j(h) = -34*h + 29. Let f be j(-11). Let p = f + -182. Is p a composite number?
True
Let o(r) be the third derivative of 9*r**4/8 - r**3/2 + r**2. Suppose -11*d + d = -20. Is o(d) composite?
True
Let n be (-4)/6 + 8/3. Suppose 0 = 7*f - n*f - 1815. Suppose -2*o = -o, 0 = -3*c + 3*o + f. Is c prime?
False
Let x = -4 - -10. Let y be 20/(((-4)/x)/(-1)). Suppose -3*k - u + 61 = 0, k - y = -4*u + 5. Is k composite?
False
Let d(n) = 16*n - 10. Let o(t) = 1. Let z(k) = d(k) + 5*o(k). Let y be z(3). Let j = y + 516. Is j composite?
True
Let t(c) = -98*c - 1. Let f be t(1). Let i = f + 315. Let s = i + -31. Is s prime?
False
Let l = 13758 - 1377. Is l prime?
False
Let g(r) = -r**3 + 3*r**2 + 2*r + 3. Let a be g(3). Suppose -4*z - 1285 = -a*z. Let u = z + 78. Is u prime?
False
Let p = 208504 + -81665. Is p composite?
False
Let g = 5 + -3. Is ((-597)/g)/(9/(-18)) a prime number?
False
Let p = -9 - -18. Let u = 53 + p. Let n = u - 5. Is n prime?
False
Let j = -378 - 798. Let d = -470 - j. Is d prime?
False
Let l(g) = 4*g**3 + g**2 - 2*g - 7. Let w(z) = z**3 - z**2 - 1. Let k(r) = -l(r) + 5*w(r). Let h be k(6). Is 4210/h + 2/7 a composite number?
True
Let p(c) = c + 14. Let q be p(-10). Suppose 1735 = q*g + g. Is g composite?
False
Let c = -1 + -6. Let v be 679/2 + c/(-14). Is (v/(-16))/((-2)/8) composite?
True
Let w(d) = d**2 - 13*d + 24. Let y be w(11). Suppose 0 = y*o - o - 1759. Is o composite?
False
Let r be 1*12*(1605/2)/15. Is r + -2 + 1 + 0 prime?
True
Suppose 0 = -3*q + 186667 - 47686. Is q composite?
False
Let b(x) = 16*x**2 + 5*x + 3. Let w(q) = -15*q**2 - 4*q - 3. Let u(s) = -3*b(s) - 4*w(s). Suppose -2*j = j + 12. Is u(j) a composite number?
False
Suppose b = 2*d + 675, -4*b + d + 3130 - 402 = 0. Is b prime?
True
Let n = 3752 - 2637. Suppose 4*f - 381 = n. Let k = f + -225. Is k composite?
False
Suppose 4*i + 22 = 2*o, 2*o = 3*i + 5 + 14. Let z(x) = x**3 + 22*x**2 - 14*x - 16. Let t be z(-23). Is t/((-4)/(1 - i)) a prime number?
True
Let q = -3469 + 6505. Suppose -2449 = -5*w + q. Is w prime?
True
Is (-140)/(-168) + 262202/12 a prime number?
True
Suppose 2 = -2*s + 12. Suppose -s*d + 16 = 3*q, -3*d + 2*d + 4 = q. Suppose 1045 = q*l + 3*l. Is l a prime number?
False
Suppose q - 13248 = -2*q. Suppose -3*w - 1765 = -2*o, 4*w + q = 4*o + o. Suppose 4*h = -2*c + o, 5*c - 4*c - 1111 = -5*h. Is h a composite number?
False
Let l = 221 - -33. Let x = 573 - l. Is x composite?
True
Let b be 92 + (-4)/(-2) + -5. Suppose -3*s + 11 = b. Is s*1/(-6)*3 a prime number?
True
Suppose 4*z = 3*b + 58, 3*z - 57 = -2*b + 5*b. Let t = 35 + b. Let f = t + 2. Is f a composite number?
False
Suppose -2*l - 3*h = -4*l + 19, -l + 7 = -h. Suppose -l*s = -17 - 79. Suppose n + 695 = 5*y - s, 590 = 4*y - 3*n. Is y composite?
False
Suppose 4*k - 55 = 25. Let t be 0 - (-3)/(-6) - 35/(-2). Let m = t + k. Is m a prime number?
True
Let n be ((-10)/(-20))/((-1)/(-10)). Let b = -8 + n. Is ((-22)/(-8))/(b/(-24)) composite?
True
Suppose -2*h = -0*h + 2. Is 1450/(4 - -1) + h a prime number?
False
Is ((-16)/(-32))/(2/32836) composite?
False
Let c(i) = 14*i**2 - 9*i - 1. Is c(11) composite?
True
Let y(c) = c + 1. Let o be y(4). Suppose o*h - 1434 = 2*h. Is h composite?
True
Let y(k) = 57*k + 5. Let w(x) = -x - 1. Let o(z) = -6*w(z) - y(z). Let d(r) = 153*r - 4. Let j(g) = -3*d(g) - 8*o(g). Is j(-2) a composite number?
True
Let i be 7/(245/15) + 25/7. Suppose -5*f + 3279 = i*r, 5*f - 3511 = -3*r - 1053. Is r composite?
False
Let h(j) = 461*j + 15. Let u(a) = 1383*a + 45. Let m(g) = 17*h(g) - 6*u(g). Is m(-2) composite?
False
Let q = 7576 + -1671. Is q a composite number?
True
Let g be (0/2)/((18/(-3))/(-3)). Suppose 18*x - 17*x - 573 = g. Is x a composite number?
True
Is 23/(-7) + 3 - 14139/(-21) prime?
True
Suppose 3*x - 218 = 127. Let z(o) = o. Let v be z(0). Suppose v = -13*r + 8*r + x. Is r a composite number?
False
Suppose 21426 = 201*i - 198*i. Is i a prime number?
False
Let y be 96/(-18)*(-9)/6. Suppose y*v - 1130 = 126. Is v composite?
False
Suppose 5*z + x = -4*x + 14635, 6 = -3*x. Is z prime?